{"id":8019,"date":"2022-07-27T18:53:35","date_gmt":"2022-07-27T18:53:35","guid":{"rendered":"https:\/\/dicopebisuteria.com\/tienda\/?post_type=product&#038;p=8019"},"modified":"2022-07-27T19:04:43","modified_gmt":"2022-07-27T19:04:43","slug":"pulsera-primavera-con-semipreciosas-de-cuarzo-rosa-y-amatista","status":"publish","type":"product","link":"https:\/\/dicopebisuteria.com\/tienda\/producto\/pulsera-primavera-con-semipreciosas-de-cuarzo-rosa-y-amatista\/","title":{"rendered":"Pulsera Primavera con Semipreciosas de Cuarzo rosa y Amatista"},"content":{"rendered":"<p>Preciosa Pulsera Primavera creada con abalorios de cristal de bohemia y cristal de swarosvki , una flor de piedra de cuarzo rosa , una cuenta de cuarzo cerezo, tres cuentas de agata y tres cuentas de piedra amatista<\/p>\n<p>\u2666\ufe0f La combinaci\u00f3n de Piedras Cuarzo rosa, Cuarzo Cerezo , Agata y Amatista te llenar\u00e1 de energ\u00eda positiva y llenar\u00e1 tu vida de amor<\/p>\n<p>\u2665 Medidas : de 16 a 19 cm \/ o La Que Tu Me Pidas con cadenita opcional !!<\/p>\n<p>\u2665 Listo para enviar !<\/p>\n<p>\u2665 Te gusta ? Dale al bot\u00f3n de \u201cA\u00f1adir al Carrito\u201d y consigue la tuya !!<\/p>\n<p>Se env\u00eda por correo certificado en una peque\u00f1a cajita de regalo<\/p>\n","protected":false},"excerpt":{"rendered":"<p>Preciosa Pulsera Primavera creada con abalorios de cristal de bohemia y cristal de swarosvki , una flor de piedra de cuarzo rosa , una cuenta&#8230;<\/p>\n","protected":false},"featured_media":8020,"comment_status":"closed","ping_status":"closed","template":"","meta":[],"product_brand":[],"product_cat":[255,103,122,256],"product_tag":[],"class_list":{"0":"post-8019","1":"product","2":"type-product","3":"status-publish","4":"has-post-thumbnail","6":"product_cat-pulsera-boho","7":"product_cat-pulseras","8":"product_cat-pulseras-brilla","9":"product_cat-pulseras-plata","11":"first","12":"instock","13":"shipping-taxable","14":"purchasable","15":"product-type-simple"},"etheme_brands":{"errors":{"invalid_taxonomy":["Taxonom\u00eda no v\u00e1lida."]},"error_data":[]},"_links":{"self":[{"href":"https:\/\/dicopebisuteria.com\/tienda\/wp-json\/wp\/v2\/product\/8019","targetHints":{"allow":["GET"]}}],"collection":[{"href":"https:\/\/dicopebisuteria.com\/tienda\/wp-json\/wp\/v2\/product"}],"about":[{"href":"https:\/\/dicopebisuteria.com\/tienda\/wp-json\/wp\/v2\/types\/product"}],"replies":[{"embeddable":true,"href":"https:\/\/dicopebisuteria.com\/tienda\/wp-json\/wp\/v2\/comments?post=8019"}],"wp:featuredmedia":[{"embeddable":true,"href":"https:\/\/dicopebisuteria.com\/tienda\/wp-json\/wp\/v2\/media\/8020"}],"wp:attachment":[{"href":"https:\/\/dicopebisuteria.com\/tienda\/wp-json\/wp\/v2\/media?parent=8019"}],"wp:term":[{"taxonomy":"product_brand","embeddable":true,"href":"https:\/\/dicopebisuteria.com\/tienda\/wp-json\/wp\/v2\/product_brand?post=8019"},{"taxonomy":"product_cat","embeddable":true,"href":"https:\/\/dicopebisuteria.com\/tienda\/wp-json\/wp\/v2\/product_cat?post=8019"},{"taxonomy":"product_tag","embeddable":true,"href":"https:\/\/dicopebisuteria.com\/tienda\/wp-json\/wp\/v2\/product_tag?post=8019"}],"curies":[{"name":"wp","href":"https:\/\/api.w.org\/{rel}","templated":true}]}}