{"id":788,"date":"2014-03-25T21:30:35","date_gmt":"2014-03-25T21:30:35","guid":{"rendered":"http:\/\/dicopebisuteria.com\/tienda\/?post_type=product&#038;p=788"},"modified":"2022-03-02T11:35:40","modified_gmt":"2022-03-02T11:35:40","slug":"tiara-pavoreal-cristales-swarovski-lila-azul","status":"publish","type":"product","link":"https:\/\/dicopebisuteria.com\/tienda\/producto\/tiara-pavoreal-cristales-swarovski-lila-azul\/","title":{"rendered":"Tiara Pavoreal Cristales Swarovski Lila Azul"},"content":{"rendered":"<div id=\"tab-description\" class=\"panel\" style=\"display: block;\">\n<p>Celebra tu boda o fiesta con una joya \u00fanica y original ! Esta tiara esta creada con abalorios de aut\u00e9ntico cristal de swarovski en tonos lila , amatista , aguamarina , cristal y tanzanite . Te encantar\u00e1 el toque m\u00e1gico que esta diadema aporta a tu peinado !<\/p>\n<p>Lucela en un d\u00eda especial o todos los d\u00edas !!<\/p>\n<p>\u2665 Medidas : diadema para jovenes\/adultos<\/p>\n<p>\u2665 Te gusta pero la quieres en otros colores ?? <a href=\"http:\/\/dicopebisuteria.com\/tienda\/contacto\/\">Contactame<\/a> para que te haga una tiara con tus colores favoritos !<\/p>\n<p>&nbsp;<\/p>\n<p>\u2665 IMPORTANTE !! Se fabrica bajo petici\u00f3n ! Tarda unos\u00a05 \u2013 7 d\u00edas !<\/p>\n<p>\u2665 Te gusta ? Dale al bot\u00f3n de \u201cA\u00f1adir al Carrito\u201d y consigue la tuya !!<\/p>\n<p>Se env\u00eda por correo certificado en una peque\u00f1a cajita de regalo hecha a mano<\/p>\n<p>&nbsp;<\/p>\n<\/div>\n","protected":false},"excerpt":{"rendered":"<p>Celebra tu boda o fiesta con una joya \u00fanica y original ! Esta tiara esta creada con abalorios de aut\u00e9ntico cristal de swarovski en tonos&#8230;<\/p>\n","protected":false},"featured_media":789,"comment_status":"closed","ping_status":"closed","template":"","meta":[],"product_brand":[],"product_cat":[131,114],"product_tag":[],"class_list":{"0":"post-788","1":"product","2":"type-product","3":"status-publish","4":"has-post-thumbnail","6":"product_cat-novias","7":"product_cat-tiaras","9":"first","10":"outofstock","11":"shipping-taxable","12":"purchasable","13":"product-type-simple"},"etheme_brands":{"errors":{"invalid_taxonomy":["Taxonom\u00eda no v\u00e1lida."]},"error_data":[]},"_links":{"self":[{"href":"https:\/\/dicopebisuteria.com\/tienda\/wp-json\/wp\/v2\/product\/788","targetHints":{"allow":["GET"]}}],"collection":[{"href":"https:\/\/dicopebisuteria.com\/tienda\/wp-json\/wp\/v2\/product"}],"about":[{"href":"https:\/\/dicopebisuteria.com\/tienda\/wp-json\/wp\/v2\/types\/product"}],"replies":[{"embeddable":true,"href":"https:\/\/dicopebisuteria.com\/tienda\/wp-json\/wp\/v2\/comments?post=788"}],"wp:featuredmedia":[{"embeddable":true,"href":"https:\/\/dicopebisuteria.com\/tienda\/wp-json\/wp\/v2\/media\/789"}],"wp:attachment":[{"href":"https:\/\/dicopebisuteria.com\/tienda\/wp-json\/wp\/v2\/media?parent=788"}],"wp:term":[{"taxonomy":"product_brand","embeddable":true,"href":"https:\/\/dicopebisuteria.com\/tienda\/wp-json\/wp\/v2\/product_brand?post=788"},{"taxonomy":"product_cat","embeddable":true,"href":"https:\/\/dicopebisuteria.com\/tienda\/wp-json\/wp\/v2\/product_cat?post=788"},{"taxonomy":"product_tag","embeddable":true,"href":"https:\/\/dicopebisuteria.com\/tienda\/wp-json\/wp\/v2\/product_tag?post=788"}],"curies":[{"name":"wp","href":"https:\/\/api.w.org\/{rel}","templated":true}]}}