{"id":6636,"date":"2018-05-18T08:47:33","date_gmt":"2018-05-18T08:47:33","guid":{"rendered":"http:\/\/dicopebisuteria.com\/tienda\/?post_type=product&#038;p=6636"},"modified":"2022-05-07T10:49:27","modified_gmt":"2022-05-07T10:49:27","slug":"collar-amy-con-gota-de-cristal-azul-tardis-y-plata-de-ley","status":"publish","type":"product","link":"https:\/\/dicopebisuteria.com\/tienda\/producto\/collar-amy-con-gota-de-cristal-azul-tardis-y-plata-de-ley\/","title":{"rendered":"Collar Amy con Gota de Cristal Azul Tardis y plata de Ley"},"content":{"rendered":"<p>Elegante collar Amy creado con una preciosa gota de cristal en tono azul marino tardis y montado en plata de ley! Disfruta de este peque\u00f1o tesoro marino y ll\u00e9valo siempre contigo!Perfecto para dar un toque rom\u00e1ntico y vintage a tus looks !<\/p>\n<p>\u2666\ufe0f El color azul intenso simboliza la paz y te aporta confianza en ti misma, tambi\u00e9n te ayudar\u00e1 a calmar tu mente esos d\u00edas que mas te hace falta!<\/p>\n<p>&nbsp;<\/p>\n<p>\u2665 Medidas collar : cadena 44 cm de largo , colgante 2 cm de largo<\/p>\n<p>\u2665 Listo para enviar !<\/p>\n<p>\u2665 Te gusta ? Dale al bot\u00f3n de \u201cA\u00f1adir al Carrito\u201d y consigue el tuyo !!<\/p>\n<p>Se env\u00eda por correo certificado en una peque\u00f1a cajita de regalo<\/p>\n","protected":false},"excerpt":{"rendered":"<p>Elegante collar Amy creado con una preciosa gota de cristal en tono azul marino tardis y montado en plata de ley! Disfruta de este peque\u00f1o&#8230;<\/p>\n","protected":false},"featured_media":6637,"comment_status":"closed","ping_status":"closed","template":"","meta":[],"product_brand":[],"product_cat":[123,105,121,254,221,130,180,212],"product_tag":[],"class_list":{"0":"post-6636","1":"product","2":"type-product","3":"status-publish","4":"has-post-thumbnail","6":"product_cat-brilla","7":"product_cat-collares","8":"product_cat-collares-brilla","9":"product_cat-collares-plata","10":"product_cat-novedades","11":"product_cat-outlet","12":"product_cat-playas-de-ensueno","13":"product_cat-playas-de-ensueno-collares","15":"first","16":"instock","17":"sale","18":"shipping-taxable","19":"purchasable","20":"product-type-simple"},"etheme_brands":{"errors":{"invalid_taxonomy":["Taxonom\u00eda no v\u00e1lida."]},"error_data":[]},"_links":{"self":[{"href":"https:\/\/dicopebisuteria.com\/tienda\/wp-json\/wp\/v2\/product\/6636","targetHints":{"allow":["GET"]}}],"collection":[{"href":"https:\/\/dicopebisuteria.com\/tienda\/wp-json\/wp\/v2\/product"}],"about":[{"href":"https:\/\/dicopebisuteria.com\/tienda\/wp-json\/wp\/v2\/types\/product"}],"replies":[{"embeddable":true,"href":"https:\/\/dicopebisuteria.com\/tienda\/wp-json\/wp\/v2\/comments?post=6636"}],"wp:featuredmedia":[{"embeddable":true,"href":"https:\/\/dicopebisuteria.com\/tienda\/wp-json\/wp\/v2\/media\/6637"}],"wp:attachment":[{"href":"https:\/\/dicopebisuteria.com\/tienda\/wp-json\/wp\/v2\/media?parent=6636"}],"wp:term":[{"taxonomy":"product_brand","embeddable":true,"href":"https:\/\/dicopebisuteria.com\/tienda\/wp-json\/wp\/v2\/product_brand?post=6636"},{"taxonomy":"product_cat","embeddable":true,"href":"https:\/\/dicopebisuteria.com\/tienda\/wp-json\/wp\/v2\/product_cat?post=6636"},{"taxonomy":"product_tag","embeddable":true,"href":"https:\/\/dicopebisuteria.com\/tienda\/wp-json\/wp\/v2\/product_tag?post=6636"}],"curies":[{"name":"wp","href":"https:\/\/api.w.org\/{rel}","templated":true}]}}