{"id":6278,"date":"2017-07-21T08:15:29","date_gmt":"2017-07-21T08:15:29","guid":{"rendered":"http:\/\/dicopebisuteria.com\/tienda\/?post_type=product&#038;p=6278"},"modified":"2021-04-18T18:43:14","modified_gmt":"2021-04-18T18:43:14","slug":"collar-drusa-lila-con-cuentas-semipreciosas-y-cristalitos-de-swarovski","status":"publish","type":"product","link":"https:\/\/dicopebisuteria.com\/tienda\/producto\/collar-drusa-lila-con-cuentas-semipreciosas-y-cristalitos-de-swarovski\/","title":{"rendered":"Collar Drusa Lila con cuentas semipreciosas y cristalitos de swarovski"},"content":{"rendered":"<p>Precioso collar con una maravillosa drusa de piedra semipreciosa de \u00e1gata en color\u00a0lila lavanda\u00a0placada en oro !\u00a0 Montada en un con cuentas de gemas semipreciosas de agata lila\u00a0, swarovski y cristalitos varios\u00a0! Solo tengo\u00a0cuatro de estas incre\u00edbles drusas as\u00ed que no te quedes sin tu collar! Perfecto para dar un toque m\u00e1gico a tu ropa favorita!<\/p>\n<p>&nbsp;<\/p>\n<p>\u2665 Medidas collar :\u00a036 cm de largo aprox.\/ O la que tu quieras!!<\/p>\n<p>\u2665 Este producto a sido creado con CRYSTALLIZED\u2122 \u2013 Swarovski Elements<\/p>\n<p>\u2665 Listo para enviar !<\/p>\n<p>\u2665 Te gusta ? Dale al bot\u00f3n de \u201cA\u00f1adir al Carrito\u201d y consigue el tuyo !!<\/p>\n<p>Se env\u00eda por correo certificado en una peque\u00f1a cajita de regalo<\/p>\n","protected":false},"excerpt":{"rendered":"<p>Precioso collar con una maravillosa drusa de piedra semipreciosa de \u00e1gata en color\u00a0lila lavanda\u00a0placada en oro !\u00a0 Montada en un con cuentas de gemas semipreciosas&#8230;<\/p>\n","protected":false},"featured_media":6279,"comment_status":"closed","ping_status":"closed","template":"","meta":[],"product_brand":[],"product_cat":[105,253,221,130,180,212],"product_tag":[],"class_list":{"0":"post-6278","1":"product","2":"type-product","3":"status-publish","4":"has-post-thumbnail","6":"product_cat-collares","7":"product_cat-collares-boho","8":"product_cat-novedades","9":"product_cat-outlet","10":"product_cat-playas-de-ensueno","11":"product_cat-playas-de-ensueno-collares","13":"first","14":"instock","15":"sale","16":"shipping-taxable","17":"purchasable","18":"product-type-variable"},"etheme_brands":{"errors":{"invalid_taxonomy":["Taxonom\u00eda no v\u00e1lida."]},"error_data":[]},"_links":{"self":[{"href":"https:\/\/dicopebisuteria.com\/tienda\/wp-json\/wp\/v2\/product\/6278","targetHints":{"allow":["GET"]}}],"collection":[{"href":"https:\/\/dicopebisuteria.com\/tienda\/wp-json\/wp\/v2\/product"}],"about":[{"href":"https:\/\/dicopebisuteria.com\/tienda\/wp-json\/wp\/v2\/types\/product"}],"replies":[{"embeddable":true,"href":"https:\/\/dicopebisuteria.com\/tienda\/wp-json\/wp\/v2\/comments?post=6278"}],"wp:featuredmedia":[{"embeddable":true,"href":"https:\/\/dicopebisuteria.com\/tienda\/wp-json\/wp\/v2\/media\/6279"}],"wp:attachment":[{"href":"https:\/\/dicopebisuteria.com\/tienda\/wp-json\/wp\/v2\/media?parent=6278"}],"wp:term":[{"taxonomy":"product_brand","embeddable":true,"href":"https:\/\/dicopebisuteria.com\/tienda\/wp-json\/wp\/v2\/product_brand?post=6278"},{"taxonomy":"product_cat","embeddable":true,"href":"https:\/\/dicopebisuteria.com\/tienda\/wp-json\/wp\/v2\/product_cat?post=6278"},{"taxonomy":"product_tag","embeddable":true,"href":"https:\/\/dicopebisuteria.com\/tienda\/wp-json\/wp\/v2\/product_tag?post=6278"}],"curies":[{"name":"wp","href":"https:\/\/api.w.org\/{rel}","templated":true}]}}