{"id":3056,"date":"2016-09-16T08:16:04","date_gmt":"2016-09-16T08:16:04","guid":{"rendered":"http:\/\/dicopebisuteria.com\/tienda\/?post_type=product&#038;p=3056"},"modified":"2025-05-16T07:35:41","modified_gmt":"2025-05-16T07:35:41","slug":"pulsera-cristina-pulsera-triangulos-plata-de-ley-y-oro","status":"publish","type":"product","link":"https:\/\/dicopebisuteria.com\/tienda\/producto\/pulsera-cristina-pulsera-triangulos-plata-de-ley-y-oro\/","title":{"rendered":"Pulsera Cristina \u2013 Pulsera Triangulos Plata de ley y Oro"},"content":{"rendered":"<p>Preciosa y elegante Pulsera Cristina\u00a0creada con mas de 400 bolitas de cristal en un dise\u00f1o de tri\u00e1ngulos ba\u00f1adas en plata de ley\u00a0y oro de 24kt montados en una larga cadena y componentes de plata de ley\u00a0. Perfecta para Todas las Medidas !<\/p>\n<p>La Pulsera Alma de Dicope es un Nuevo dise\u00f1o que representa la esencia de la marca en una nueva y divertida forma de llevar pulseras de bolitas ! Puedes coleccionarlas y combinarlas entre ellas para crear Tu propio estilo !<\/p>\n<p>\u2665 Medidas : 1 cm de ancho<\/p>\n<p><strong>\u2665 3 Medidas de largo a elegir:<\/strong><\/p>\n<p>Cadena corta \u2013 de 12 cm a 16,5 cm<\/p>\n<p>Cadena Larga \u2013 de 12 cm a 19 cm (medida est\u00e1ndar )<\/p>\n<p>Cadena Super Larga \u2013 de 12 cm a 23 cm<\/p>\n<p>\u2665 Listo para enviar !<\/p>\n<p>\u2665 Te gusta ? Dale al bot\u00f3n de \u201cA\u00f1adir al Carrito\u201d y consigue la tuya !!<\/p>\n<p>Se env\u00eda por correo certificado en una peque\u00f1a cajita de regalo<\/p>\n","protected":false},"excerpt":{"rendered":"<p>Preciosa y elegante Pulsera Cristina\u00a0creada con mas de 400 bolitas de cristal en un dise\u00f1o de tri\u00e1ngulos ba\u00f1adas en plata de ley\u00a0y oro de 24kt&#8230;<\/p>\n","protected":false},"featured_media":3057,"comment_status":"closed","ping_status":"closed","template":"","meta":[],"product_brand":[],"product_cat":[109,118,103,108,256],"product_tag":[],"class_list":{"0":"post-3056","1":"product","2":"type-product","3":"status-publish","4":"has-post-thumbnail","6":"product_cat-dicope-joyas","7":"product_cat-dicope-joyas-pulseras","8":"product_cat-pulseras","9":"product_cat-pulseras-alma-dicope","10":"product_cat-pulseras-plata","12":"first","13":"instock","14":"shipping-taxable","15":"purchasable","16":"product-type-variable"},"etheme_brands":{"errors":{"invalid_taxonomy":["Taxonom\u00eda no v\u00e1lida."]},"error_data":[]},"_links":{"self":[{"href":"https:\/\/dicopebisuteria.com\/tienda\/wp-json\/wp\/v2\/product\/3056","targetHints":{"allow":["GET"]}}],"collection":[{"href":"https:\/\/dicopebisuteria.com\/tienda\/wp-json\/wp\/v2\/product"}],"about":[{"href":"https:\/\/dicopebisuteria.com\/tienda\/wp-json\/wp\/v2\/types\/product"}],"replies":[{"embeddable":true,"href":"https:\/\/dicopebisuteria.com\/tienda\/wp-json\/wp\/v2\/comments?post=3056"}],"wp:featuredmedia":[{"embeddable":true,"href":"https:\/\/dicopebisuteria.com\/tienda\/wp-json\/wp\/v2\/media\/3057"}],"wp:attachment":[{"href":"https:\/\/dicopebisuteria.com\/tienda\/wp-json\/wp\/v2\/media?parent=3056"}],"wp:term":[{"taxonomy":"product_brand","embeddable":true,"href":"https:\/\/dicopebisuteria.com\/tienda\/wp-json\/wp\/v2\/product_brand?post=3056"},{"taxonomy":"product_cat","embeddable":true,"href":"https:\/\/dicopebisuteria.com\/tienda\/wp-json\/wp\/v2\/product_cat?post=3056"},{"taxonomy":"product_tag","embeddable":true,"href":"https:\/\/dicopebisuteria.com\/tienda\/wp-json\/wp\/v2\/product_tag?post=3056"}],"curies":[{"name":"wp","href":"https:\/\/api.w.org\/{rel}","templated":true}]}}