{"id":2738,"date":"2016-03-08T09:33:16","date_gmt":"2016-03-08T09:33:16","guid":{"rendered":"http:\/\/dicopebisuteria.com\/tienda\/?post_type=product&#038;p=2738"},"modified":"2021-06-13T22:06:58","modified_gmt":"2021-06-13T22:06:58","slug":"pulsera-yoga-om-mint","status":"publish","type":"product","link":"https:\/\/dicopebisuteria.com\/tienda\/producto\/pulsera-yoga-om-mint\/","title":{"rendered":"Pulsera Yoga Om Mint"},"content":{"rendered":"<p>Original pulsera Yoga creada con un charm de Om y dos cuerdecitas en tonos menta y dorado! Om es uno de los mantras m\u00e1s sagrados en el hinduismo y el budismo, se suele recitar al empezar y acabar las clases de yoga y aporta calma, tranquilidad y serenidad!<\/p>\n<p>Deja que la magia de esta pulsera te gui\u00e9 en tu d\u00eda a d\u00eda! Perfecta para mezclar con tus pulseras favoritas!<\/p>\n<p>\u2665 Medidas : de 15 cm a 17 aprox. con cadenita \/ o La Que Tu Me Pidas !!<\/p>\n<p>\u2665 Listo para enviar !<\/p>\n<p>\u2665 Te gusta ? Dale al bot\u00f3n de \u201cA\u00f1adir al Carrito\u201d y consigue la tuya !!<\/p>\n<p>Se env\u00eda por correo certificado en una peque\u00f1a cajita de regalo<\/p>\n","protected":false},"excerpt":{"rendered":"<p>Original pulsera Yoga creada con un charm de Om y dos cuerdecitas en tonos menta y dorado! Om es uno de los mantras m\u00e1s sagrados&#8230;<\/p>\n","protected":false},"featured_media":2739,"comment_status":"closed","ping_status":"closed","template":"","meta":[],"product_brand":[],"product_cat":[244,110,255,103],"product_tag":[],"class_list":{"0":"post-2738","1":"product","2":"type-product","3":"status-publish","4":"has-post-thumbnail","6":"product_cat-blackweek","7":"product_cat-dainty-india","8":"product_cat-pulsera-boho","9":"product_cat-pulseras","11":"first","12":"instock","13":"shipping-taxable","14":"purchasable","15":"product-type-variable"},"etheme_brands":{"errors":{"invalid_taxonomy":["Taxonom\u00eda no v\u00e1lida."]},"error_data":[]},"_links":{"self":[{"href":"https:\/\/dicopebisuteria.com\/tienda\/wp-json\/wp\/v2\/product\/2738","targetHints":{"allow":["GET"]}}],"collection":[{"href":"https:\/\/dicopebisuteria.com\/tienda\/wp-json\/wp\/v2\/product"}],"about":[{"href":"https:\/\/dicopebisuteria.com\/tienda\/wp-json\/wp\/v2\/types\/product"}],"replies":[{"embeddable":true,"href":"https:\/\/dicopebisuteria.com\/tienda\/wp-json\/wp\/v2\/comments?post=2738"}],"wp:featuredmedia":[{"embeddable":true,"href":"https:\/\/dicopebisuteria.com\/tienda\/wp-json\/wp\/v2\/media\/2739"}],"wp:attachment":[{"href":"https:\/\/dicopebisuteria.com\/tienda\/wp-json\/wp\/v2\/media?parent=2738"}],"wp:term":[{"taxonomy":"product_brand","embeddable":true,"href":"https:\/\/dicopebisuteria.com\/tienda\/wp-json\/wp\/v2\/product_brand?post=2738"},{"taxonomy":"product_cat","embeddable":true,"href":"https:\/\/dicopebisuteria.com\/tienda\/wp-json\/wp\/v2\/product_cat?post=2738"},{"taxonomy":"product_tag","embeddable":true,"href":"https:\/\/dicopebisuteria.com\/tienda\/wp-json\/wp\/v2\/product_tag?post=2738"}],"curies":[{"name":"wp","href":"https:\/\/api.w.org\/{rel}","templated":true}]}}