{"id":276,"date":"2013-05-16T08:48:05","date_gmt":"2013-05-16T08:48:05","guid":{"rendered":"http:\/\/dicopebisuteria.com\/tienda\/?page_id=276"},"modified":"2024-11-12T11:13:48","modified_gmt":"2024-11-12T11:13:48","slug":"privacidad","status":"publish","type":"page","link":"https:\/\/dicopebisuteria.com\/tienda\/privacidad\/","title":{"rendered":"Privacidad"},"content":{"rendered":"<p><big><big><span style=\"font-family: Verdana;\"><b>\u00bfQUIENES SOMOS?<\/b><\/span><\/big><\/big><\/p>\n<p align=\"left\">\u00a0<\/p>\n<p><span style=\"font-family: Verdana;\">Te informamos que la titularidad del dominio de nuestra tienda virtual, www.dicopebisuteria.com, corresponde a Diana Costa Pedret , para mas informacion en\u00a0<a href=\"mailto:dicopebisuteriashop@gmail.com\">dicopebisuteriashop@gmail.com<\/a><\/span><\/p>\n<p>\u00a0<\/p>\n<p><big><big><span style=\"font-family: Verdana;\"><b>\u00bfQUE DATOS RECOGEMOS Y PARA QUE SE USARAN?<\/b><\/span><\/big><\/big><\/p>\n<p align=\"left\">\u00a0<\/p>\n<p align=\"left\"><span style=\"font-family: Verdana;\">Mientras visitas www.dicopebisuteria.com realizaremos el seguimiento de:<\/span><\/p>\n<p><span style=\"font-family: Verdana;\">Los productos que has visto: usaremos esto para, por ejemplo, mostrarte productos que has visto recientemente.<\/span><\/p>\n<p><span style=\"font-family: Verdana;\">Ubicaci\u00f3n, direcci\u00f3n IP y tipo de navegador: usaremos esto para prop\u00f3sitos como estimar impuestos, costes de env\u00edo.<\/span><\/p>\n<p><span style=\"font-family: Verdana;\">Adem\u00e1s, cuando realices un pedido tendras que facilitar informaci\u00f3n que incluye tu nombre, direcci\u00f3n de env\u00edo, email, n\u00famero de tel\u00e9fono e informaci\u00f3n adicional opcional como por ejemplo tu nombre de usuario y contrase\u00f1a (en caso de que te hayas registrado previamente). Usaremos esta informaci\u00f3n para prop\u00f3sitos como:<\/span><\/p>\n<p><span style=\"font-family: Verdana;\">Enviarte informaci\u00f3n sobre tu cuenta y el estado de tu pedido<br \/>Responder a tus solicitudes, incluidos reembolsos y reclamaciones<br \/>Ponernos en contacto contigo si tenemos alguna incidencia con tu pedido (por ejemplo nos hemos quedado sin stock o que falta informacion sobre medidas o colores)<br \/>Procesar pagos y evitar el fraude<br \/>Enviar tu Pedido<\/span><\/p>\n<p><span style=\"font-family: Verdana;\">Si te suscribes en alguno de los formularios que disponemos para inscribirte a nuestra Newsletter o lista secreta, guardaremos tu nombre, email \u2026 y los utilizaremos para enviarte nuestros correos electr\u00f3nicostus promocionales. Tambi\u00e9n guardaremos tu ip que nos sirve para tener un registro de tu suscripci\u00f3n.<\/span><\/p>\n<p><span style=\"font-family: Verdana;\">Si creas una cuenta almacenaremos tu nombre, direcci\u00f3n, correo electr\u00f3nico y n\u00famero de tel\u00e9fono y lo usaremos para rellenar de forma autom\u00e1tica otros formularios de nuestra web<\/span><\/p>\n<p><span style=\"font-family: Verdana;\">Aceptamos pagos mediante PayPal. Al procesar pagos algunos de tus datos se pasar\u00e1n a PayPal, incluida la informaci\u00f3n requerida para procesar o dar soporte al pago, tales como el total de la compra y la informaci\u00f3n de facturaci\u00f3n. Por favor, revisa la pol\u00edtica de privacidad de PayPal para m\u00e1s detalles. En ningun momento dispondremos de la informacion privada que le proporciones a Paypal como tus datos targeta de credito o cuenta bancaria<\/span><\/p>\n<p><span style=\"font-family: Verdana;\">Para pagos con Targeta de credito procesaremos tu pedido desde\u00a0<a href=\"http:\/\/www.etsy.com\/shop\/DicopeJewelry\">www.etsy.com\/shop\/DicopeJewelry<\/a>\u00a0donde Etsy.com recogera tus datos para un pago seguro con tu targeta de credito y en ningun caso nosotros reciviremos la informacion privada que le proporciones a Etsy como tus datos targeta de credito o cuenta bancaria.<\/span><\/p>\n<p><span style=\"font-family: Verdana;\">Para pagos por Correos Contra Reembolso la esmpresa Correos Espa\u00f1a recogera tus datos para un pago seguro y en efectivo.<\/span><\/p>\n<p><span style=\"font-family: Verdana;\"><b>Nunca comercializaremos o compartiremos tus datos con terceras empresas\u00a0<\/b>o compa\u00f1ias y \u00fanicamente los compartiremos con aquellas empresas anteriormente mencionadas para realizar y enviar tu pedido.<\/span><\/p>\n<p><big><big><span style=\"font-family: Verdana;\"><b>COOKIES<\/b><\/span><\/big><\/big><\/p>\n<p align=\"left\"><span style=\"font-family: Verdana;\">Una cookie es un peque\u00f1o fichero de texto que se almacena en su navegador cuando visita casi cualquier p\u00e1gina web. Su utilidad es que la web sea capaz de recordar su visita cuando vuelva a navegar por esa p\u00e1gina. Las cookies suelen almacenar informaci\u00f3n de car\u00e1cter t\u00e9cnico, preferencias personales, personalizaci\u00f3n de contenidos, estad\u00edsticas de uso, enlaces a redes sociales, acceso a cuentas de usuario, etc. El objetivo de la cookie es adaptar el contenido de la web a su perfil y necesidades, sin cookies los servicios ofrecidos por cualquier p\u00e1gina se ver\u00edan mermados notablemente. Pero si quieres puedes eliminarlas de tu navegador en tus opciones de configuracion<\/span><\/p>\n<p align=\"left\"><span style=\"font-family: Verdana;\">Este sitio web utiliza las siguientes cookies propias:<\/span><\/p>\n<p align=\"left\"><span style=\"font-family: Verdana;\">Cookies de sesi\u00f3n, sirven para la comodidad del visitante y el correcto funcionamiento de la web. Por ejemplo, gracias a una cookie un usuario registrado no tendr\u00e1 que volver a rellenar sus datos cuando realice otra compra ni tendr\u00e1 que incluir su email cada vez que quiera apuntarse a la lista de espera de un producto que est\u00e1 temporalmente agotado. Estas cookies tendr\u00e1n una duraci\u00f3n de un a\u00f1o. Tambi\u00e9n usamos este tipo de cookies para realizar el seguimiento de los contenidos del carrito mientras navegas por nuestra web.<\/span><\/p>\n<p align=\"left\"><span style=\"font-family: Verdana;\">Este sitio web utiliza las siguientes cookies de terceros:<\/span><\/p>\n<p align=\"left\"><span style=\"font-family: Verdana;\">Google Analytics: Almacena cookies para poder elaborar estad\u00edsticas sobre el tr\u00e1fico y volumen de visitas de esta web. Al utilizar este sitio web est\u00e1s consintiendo el tratamiento de esta informaci\u00f3n por Google. Estas cookies registran la forma en la que los usuarios utilizan nuestra web qu\u00e9 productos son los m\u00e1s visitados, desde d\u00f3nde viene el tr\u00e1fico.<\/span><\/p>\n<p align=\"left\"><span style=\"font-family: Verdana;\">Redes sociales: Cada red social utiliza sus propias cookies para que usted pueda pinchar en botones del tipo Me gusta o Compartir.<\/span><\/p>\n<p><span style=\"font-family: Verdana;\"><br \/><big><big><b>\u00bfQUE DERECHOS TIENES SOBRE TUS DATOS?<\/b><\/big><\/big><\/span><\/p>\n<p align=\"left\"><span style=\"font-family: Verdana;\">Dicope Bisuteria garantiza que los datos facilitados por los clientes nunca ser\u00e1n compartidos con terceros ni publicados en cumplimiento de lo dispuesto en la Ley Org\u00e1nica 15\/1999 de 13 de Diciembre de Protecci\u00f3n de Datos de Car\u00e1cter Personal, podr\u00e1 ejercer en todo momento el derecho de acceso, rectificaci\u00f3n y cancelaci\u00f3n de sus datos personales. El entorno de nuestra tienda online le permite el acceso y rectificaci\u00f3n de sus datos en todo momento.\u00a0<b>Si desea darse de baja de nuestra base de datos s\u00f3lo tiene que enviarnos correo electr\u00f3nico a dicopebisuteriashop@gmail.com indicando que desea que borremos sus datos personales.<\/b><\/span><\/p>\n<p align=\"left\"><span style=\"font-family: Verdana;\">Si tienes una cuenta en nuestra web, has realizado una compra sin haberte registrado previamente o te has inscrito a nuestra newsletter, puedes solicitar recibir un archivo de exportaci\u00f3n de los datos personales que tenemos sobre ti, incluyendo cualquier dato que nos hayas proporcionado. Tambi\u00e9n puedes solicitar que eliminemos cualquier dato personal que tengamos sobre ti. Esto no incluye ning\u00fan dato que estemos obligados a conservar con fines administrativos, legales o de seguridad.<\/span><\/p>\n<p align=\"left\"><span style=\"font-family: Verdana;\">Podr\u00e1s dirigir tus comunicaciones y ejercitar tus derechos de acceso, rectificaci\u00f3n, cancelaci\u00f3n en el email\u00a0<a href=\"mailto:dicopebisuteriashop@gmail.com\">dicopebisuteriashop@gmail.com<\/a><\/span><\/p>\n<p align=\"left\">\u00a0<\/p>\n<p><big><big><span style=\"font-family: Verdana;\"><b>PROPIEDAD DEL CONTENIDO WEB<\/b><\/span><\/big><\/big><\/p>\n<p align=\"left\"><span style=\"font-family: Verdana;\">Todas las imagenes , dise\u00f1os , fotos y contenido son propiedad exclusiva de Dicope Bisuteria. Esta prohibida la copia , reproducci\u00f3n o publicaci\u00f3n de los contenidos de la web sin la autorizaci\u00f3n expresa de Dicope Bisuteria.<\/span><\/p>\n<p align=\"left\">\u00a0<\/p>\n<p><big><big><b><span style=\"font-family: Verdana;\">REALIZACI\u00d3N DE PEDIDOS Y PAGOS<\/span><\/b><\/big><\/big><\/p>\n<p align=\"left\"><span style=\"font-family: Verdana;\">Para realizar un pedido debes hacerlo desde www.dicopebisuteria.com. Deber\u00e1s a\u00f1adir el producto que deseas adquirir a la cesta, seg\u00fan las indicaciones recogidas en pantalla, cumplimentando a estos efectos el formulario de pedido suministrado y validando el mismo. Es fundamental que los datos del formulario de facturaci\u00f3n y env\u00edo sean los correctos, puesto que DicopeBisuteria reproducir\u00e1 exactamente el escrito, sin modificar letras, may\u00fasculas, signos de puntuaci\u00f3n, etc. Todas las especificaciones, y dem\u00e1s detalles que el comprador desee en el producto, deber\u00e1n ser transmitidas en el momento de efectuar el pedido. En caso de que el cliente no especifique sus personalizaciones, DicopeBisuteria solicitar\u00e1 mas informacion mediante el email y numero de telefono priporcionados en tus datos de compra . En este supuesto, el plazo de entrega se ver\u00e1 suspendido, y se reanudar\u00e1 cuando el cliente responda la solicitud realizada por DicopeBisuteria.<\/span><\/p>\n<p align=\"left\">\u00a0<\/p>\n<p align=\"left\"><span style=\"font-family: Verdana;\">La validaci\u00f3n del pedido por parte del cliente supone expresamente el conocimiento y aceptaci\u00f3n de estas condiciones generales de contrataci\u00f3n como parte de la celebraci\u00f3n del contrato. Salvo prueba en contrario, los datos registrados por DicopeBisuteria constituyen la prueba del conjunto de transacciones realizadas entre DicopeBisuteria y sus clientes. DicopeBisuteria archivar\u00e1 el documento electr\u00f3nico en que se formalice el contrato y \u00e9ste ser\u00e1 accesible. Una vez efectuada la compra y en el plazo m\u00e1s breve posible, siempre antes de que transcurran 24 horas desde la ejecuci\u00f3n de la compra, el Servicio de Atenci\u00f3n al Cliente de DicopeBisuteria te remitir\u00e1 por e-mail un comprobante de la compra.<\/span><\/p>\n<p align=\"left\"><span style=\"font-family: Verdana;\">DicopeBisuteria te propone diversos medios de pago para que puedas elegir aquel que m\u00e1s te convenga o se adapte mejor a tus necesidades: Pago por Paypal , pago por Tarjeta de Cr\u00e9dito (en la web\u00a0<a href=\"http:\/\/www.etsy.com\/shop\/DicopeJewelry\">www.etsy.com\/shop\/DicopeJewelry<\/a>\u00a0) Pago contra Reembolso mediante el servicio de Correos Espa\u00f1a<\/span><\/p>\n<p align=\"left\">\u00a0<\/p>\n<p><big><big><span style=\"font-family: Verdana;\"><b>DISPONIBILIDAD DE LOS PRODUCTOS<\/b><\/span><\/big><\/big><\/p>\n<p align=\"left\"><span style=\"font-family: Verdana;\">Los productos ofrecidos en www.dicopebisuteria.com son v\u00e1lidos en tanto que los productos est\u00e9n visibles en el website, con los l\u00edmites de stock disponibles. Si la mercanc\u00eda se encuentra en stock, tiene un plazo de entrega de entre 4 y 6 d\u00edas laborables. Si por el contrario no disponemos de stock, y tenemos que comprar materiales a proveedores, se estima un plazo aproximado de 10 a 20 d\u00edas laborables.<\/span><\/p>\n<p align=\"left\">\u00a0<\/p>\n<p align=\"left\"><span style=\"font-family: Verdana;\">Las fotograf\u00edas de los productos se realizan y editan con gran cuidado para respetar al m\u00e1ximo los colores y definici\u00f3n de las piezas , aun as\u00ed pueden haber diferencias de color debido a las diferentes caracter\u00edsticas de la pantalla de tu ordenador o port\u00e1til.<\/span><\/p>\n<div align=\"left\">\u00a0<\/div>\n\n\n<p>\n\n\n","protected":false},"excerpt":{"rendered":"<p>\u00bfQUIENES SOMOS? \u00a0 Te informamos que la titularidad del dominio de nuestra tienda virtual, www.dicopebisuteria.com, corresponde a Diana Costa Pedret , para mas informacion en\u00a0dicopebisuteriashop@gmail.com&#8230;<\/p>\n","protected":false},"author":1,"featured_media":0,"parent":0,"menu_order":0,"comment_status":"closed","ping_status":"closed","template":"","meta":{"footnotes":""},"class_list":["post-276","page","type-page","status-publish","hentry"],"_links":{"self":[{"href":"https:\/\/dicopebisuteria.com\/tienda\/wp-json\/wp\/v2\/pages\/276","targetHints":{"allow":["GET"]}}],"collection":[{"href":"https:\/\/dicopebisuteria.com\/tienda\/wp-json\/wp\/v2\/pages"}],"about":[{"href":"https:\/\/dicopebisuteria.com\/tienda\/wp-json\/wp\/v2\/types\/page"}],"author":[{"embeddable":true,"href":"https:\/\/dicopebisuteria.com\/tienda\/wp-json\/wp\/v2\/users\/1"}],"replies":[{"embeddable":true,"href":"https:\/\/dicopebisuteria.com\/tienda\/wp-json\/wp\/v2\/comments?post=276"}],"version-history":[{"count":26,"href":"https:\/\/dicopebisuteria.com\/tienda\/wp-json\/wp\/v2\/pages\/276\/revisions"}],"predecessor-version":[{"id":8474,"href":"https:\/\/dicopebisuteria.com\/tienda\/wp-json\/wp\/v2\/pages\/276\/revisions\/8474"}],"wp:attachment":[{"href":"https:\/\/dicopebisuteria.com\/tienda\/wp-json\/wp\/v2\/media?parent=276"}],"curies":[{"name":"wp","href":"https:\/\/api.w.org\/{rel}","templated":true}]}}